 + -1558?
-1560
In base 2, what is 10100001110101 - 100?
10100001110001
In base 9, what is -31437 + -4?
-31442
In base 4, what is 1223120 + -10?
1223110
In base 12, what is -40 - -16?
-26
In base 2, what is 100100 + 1010?
101110
In base 14, what is -9d7 + 1?
-9d6
In base 2, what is 10110001 + 10?
10110011
In base 14, what is -49 - 2?
-4b
In base 7, what is 642 + -4?
635
In base 12, what is 5 - -697?
6a0
In base 5, what is -34 + -114?
-203
In base 2, what is -1101100 + -1?
-1101101
In base 14, what is -cc8 + 2?
-cc6
In base 12, what is 37 - -9?
44
In base 2, what is 10110100 + 11?
10110111
In base 7, what is 650 - -5?
655
In base 12, what is -1087 + 6?
-1081
In base 2, what is 1 - 11010101100?
-11010101011
In base 8, what is -105 - -14?
-71
In base 9, what is -5 - 208?
-214
In base 12, what is -1 + -16a?
-16b
In base 6, what is 1414 + -3?
1411
In base 13, what is -29a - 3?
-2a0
In base 10, what is -4 + -169?
-173
In base 15, what is 21 + -4c?
-2b
In base 10, what is 267 + 1?
268
In base 16, what is -7 + 2f?
28
In base 7, what is 5 - -1?
6
In base 10, what is 1 - -31?
32
In base 7, what is 5 - -162?
200
In base 9, what is -15 + 102?
76
In base 11, what is -6 + -36?
-41
In base 14, what is -1d8 - 5?
-1dd
In base 13, what is -25b - 5?
-263
In base 7, what is 220 - 113?
104
In base 5, what is -1 + -14?
-20
In base 5, what is 133 + -403?
-220
In base 3, what is -122122 - -10?
-122112
In base 4, what is -102 + 101?
-1
In base 5, what is -14 - -23?
4
In base 8, what is 0 - 330?
-330
In base 16, what is 3 + -a1?
-9e
In base 15, what is -292 - 26?
-2b8
In base 4, what is -23030 + -11?
-23101
In base 15, what is 2d + 23?
51
In base 7, what is 25 + -2?
23
In base 6, what is -25 - 105?
-134
In base 6, what is 21135 + -1?
21134
In base 7, what is 1051 + -4?
1044
In base 8, what is 170 - 10?
160
In base 9, what is 166 - -26?
203
In base 13, what is -16 - 22?
-38
In base 5, what is 1 - -3103?
3104
In base 4, what is -33200 + -23?
-33223
In base 4, what is -1302 + 32?
-1210
In base 15, what is 5 + -b?
-6
In base 10, what is 10 + -166?
-156
In base 6, what is -342352 - 0?
-342352
In base 14, what is 23b + 4?
241
In base 4, what is -1 - 213?
-220
In base 6, what is -31252 - -3?
-31245
In base 15, what is bb + 7b?
147
In base 3, what is -2222 - -11?
-2211
In base 3, what is 211020 - -1?
211021
In base 14, what is -23c + -2?
-240
In base 5, what is 3 + 134300?
134303
In base 6, what is 513 - 5?
504
In base 7, what is 1426 - -4?
1433
In base 16, what is 23f5 - -4?
23f9
In base 9, what is 4 - 57?
-53
In base 16, what is -44 + -5?
-49
In base 14, what is 0 - -d78?
d78
In base 6, what is -51 + 54?
3
In base 15, what is -19d - 4?
-1a2
In base 3, what is 22 - -20011?
20110
In base 14, what is 1b + -2?
19
In base 6, what is 0 + 123?
123
In base 12, what is -4 - -7a?
76
In base 16, what is -72 - 50?
-c2
In base 8, what is 1342 - -20?
1362
In base 15, what is 6b3 - 3?
6b0
In base 9, what is -52 - 5?
-57
In base 12, what is 0 - 69?
-69
In base 5, what is 331 + -34?
242
In base 12, what is -45 - 16?
-5b
In base 4, what is 2123 + 321?
3110
In base 6, what is -42 + 11?
-31
In base 15, what is -d0 - -2?
-cd
In base 3, what is -2012 + -1112?
-10201
In base 4, what is -11310 + -1?
-11311
In base 3, what is 102002022 + 11?
102002110
In base 5, what is 11 - -133?
144
In base 8, what is 3 + -446?
-443
In base 4, what is 312 + -110?
202
In base 10, what is 2 + -46?
-44
In base 3, what is -10 - 11121?
-11201
In base 16, what is 15c + -4?
158
In base 13, what is 487 - 2?
485
In base 16, what is 5 - 1a?
-15
In base 16, what is -91 + -4?
-95
In base 6, what is -1122 + -13?
-1135
In base 10, what is 7 + 441?
448
In base 4, what is -133 + -3?
-202
In base 8, what is -36 - 10?
-46
In base 12, what is 0 + -350?
-350
In base 5, what is 3 + 23?
31
In base 12, what is -4 - 101?
-105
In base 12, what is -1 + 6b?
6a
In base 5, what is 3002 - -3?
3010
In base 6, what is 3 - -14214?
14221
In base 2, what is -101 - -11101001?
11100100
In base 16, what is 221 + 4?
225
In base 8, what is 16 - 13?
3
In base 16, what is -94c - -4?
-948
In base 8, what is 31 + 102?
133
In base 3, what is 12 + 121?
210
In base 7, what is 6 + 11?
20
In base 15, what is 2a - -8?
33
In base 4, what is 131 + 0?
131
In base 3, what is -2012 - 0?
-2012
In base 7, what is 6 + 111?
120
In base 7, what is -20 + 11?
-6
In base 14, what is c + -4?
8
In base 4, what is -31 - -10?
-21
In base 7, what is -1132 - 3?
-1135
In base 13, what is 1 - -22?
23
In base 10, what is -32 + 4?
-28
In base 11, what is 3 - -431?
434
In base 7, what is -152 - -3?
-146
In base 5, what is -4324 + 41?
-4233
In base 4, what is -10 + 310?
300
In base 4, what is 13002 - 3?
12333
In base 13, what is -7c0 + -4?
-7c4
In base 3, what is -21 + -22?
-120
In base 13, what is -321 + -4?
-325
In base 8, what is 4 - -1774?
2000
In base 11, what is 6a59 + 2?
6a60
In base 14, what is 1 + 111?
112
In base 6, what is -431 - -20?
-411
In base 11, what is 3 + -1089?
-1086
In base 5, what is 122131 + -2?
122124
In base 9, what is -584 + 3?
-581
In base 10, what is 5 + -825?
-820
In base 8, what is 3 - -35?
40
In base 13, what is -30 + -a?
-3a
In base 10, what is 140 + 1?
141
In base 9, what is 70 - -37?
117
In base 6, what is -3541 - -2?
-3535
In base 14, what is 3 - 67?
-64
In base 14, what is -4 + 13?
d
In base 8, what is -37 - -46?
7
In base 6, what is -103 + -51?
-154
In base 11, what is -4 + -125?
-129
In base 13, what is 2 - 65?
-63
In base 9, what is 5 + -66?
-61
In base 13, what is 54 - 1?
53
In base 8, what is 2 - 325?
-323
In base 2, what is 10000 - -10100?
100100
In base 5, what is -12 + 3001?
2434
In base 7, what is -6 + 103?
64
In base 2, what is 110101 + -1001001?
-10100
In base 4, what is -10 + 20322?
20312
In base 6, what is 30 + 415?
445
In base 13, what is -9 + 15?
9
In base 2, what is 1 + 110011?
110100
In base 16, what is 0 + -4?
-4
In base 11, what is -1421 - 1?
-1422
In base 2, what is 10 - 100010110?
-100010100
In base 6, what is -4 - -5?
1
In base 15, what is -66 + -2a?
-91
In base 5, what is 10314 + 12?
10331
In base 10, what is -40 + 63?
23
In base 11, what is 3 - -67?
6a
In base 15, what is -e - 13?
-22
In base 14, what is -93 + 4?
-8d
In base 3, what is -211 - 100?
-1011
In base 6, what is -13 + 3511?
3454
In base 5, what is -3 - 2?
-10
In base 16, what is 6 + 2c?
32
In base 13, what is -48 + -4?
-4c
In base 14, what is 729 - 1?
728
In base 14, what is 17 - 1?
16
In base 16, what is 3 - 11?
-e
In base 6, what is -5 - -133?
124
In base 14, what is 7c - 5?
77
In base 5, what is -243 + 22?
-221
In base 3, what is -11 + -22222?
-100010
In base 4, what is 0 - 203031?
-203031
In base 11, what is -12 + -9a?
-101
In base 3, what is -11 + 202110?
202022
In base 16, what is 7 - -6e?
75
In base 13, what is -370 + 0?
-370
In base 13, what is 1 + -51?
-50
In base 3, what is 2001 - 11112?
-2111
In base 8, what is -1 - -77?
76
In base 10, what is -5 + 70?
65
In base 9, what is 6 - 47?
-41
In base 5, what is -3 + 220214?
220211
In base 12, what is -1 - 12?
-13
In base 10, what is -362 - -2?
-360
In base 4, what is 31 + -23?
2
In base 4, what is -101123 + 2?
-101121
In base 12, what is -3 + 41?
3a
In base 9, what is -122 + 3?
-118
In base 15, what is -4a3 - 0?
-4a3
In base 8, what is 143 - -10?
153
In base 15, what is 7e + 4?
83
In base 5, what is -11 - -13230?
13214
In base 13, what is 11 + 23?
34
In base 12, what is 12 + b2?
104
In base 8, what is -3 - -210?
205
In base 14, what is 1 + 973?
974
In base 11, what is -24 + 3a?
16
In base 10, what is -90 + -155?
-245
In base 12, what is -7 - -2906?
28bb
In base 4, what is 301 + -31?
210
In base 16, what is 0 - -246c?
246c
In base 9, what is -31 + 6?
-24
In base 3, what is -2202 - -120?
-2012
In base 12, what is 237 - 10?
227
In base 11, what is -99 - 3?
-a1
In base 5, what is 1 + -4303?
-4302
In base 4, what is -1102311 + 11?
-1102300
In base 4, what is -21 - -222?
201
In base 9, what is 11 - -243?
254
In base 2, what is -1101000 - 1111?
-1110111
In base 8, what is -11341 + 1?
-11340
In base 6, what is -240 + 0?
-240
In base 7, what is -161 - 1146?
-1340
In base 13, what is -1b - -2?
-19
In base 4, what is 11 + 110312?
110323
In base 4, what is 10 + 322213?
322223
In base 2, what is -1111111 - -11?
-1111100
In